 3*v**2 - 27*v - 1. Let i(j) = 2*j**2 - 18*j - 1. Let a be 3/4*(-10)/15*10. Let k(g) = a*f(g) + 8*i(g). Calculate k(10).
7
Suppose 2*r - 8 = 3*c, 0 = 4*r - 3*c + c - 16. Let h(x) = -r*x - 2*x + 7 + x + 4*x. Give h(5).
2
Let z(i) = -i**3 - 2*i + 1. Suppose -3*q = -8*q + 5. Let w be z(q). Let n(o) = 10*o + 2. Let g(k) = 15*k + 3. Let b(x) = -5*g(x) + 8*n(x). Determine b(w).
-9
Let h(y) = 116*y - 124*y - 1 + 5. Let z be (6/(-4) - -2)*6. Determine h(z).
-20
Let t be (1/(-2))/(12/(-144)). Let b(h) = h - 5. Let z be b(8). Suppose 5*w - 23 = -z*u, 2*u - 4*w = t*u - 20. Let v(a) = 12*a**2 - 2*a + 1. What is v(u)?
11
Let d(x) be the third derivative of -x**5/60 - 13*x**4/24 + 7*x**3/2 - 51*x**2 - 2*x. Calculate d(-14).
7
Let m be 0 - (-1)/((-2)/(-4)). Suppose -4*l = -3*t + m*t - 10, -l = -4*t - 10. Let p(u) = 20 + 4*u - 8*u - 9 - 9. Calculate p(t).
10
Let k(o) = -5*o - 3. Let a be k(-3). Let v be 20/a + 2/6. Let t(i) = -3*i**2 - i - i**v + 5*i - i**3 - 6 + 9. Calculate t(-5).
8
Let o(k) be the first derivative of k**4/4 - 10*k**3/3 + 4*k**2 - k + 74. Give o(9).
-10
Let l(d) = 9*d**2 + 14*d + 4. Let j(g) = 11*g**2 + 13*g + 1. Let c(m) = -4*j(m) + 5*l(m). What is c(-16)?
-16
Let f(b) = b - 12. Let d = -860 - -872. Calculate f(d).
0
Let n(r) = -r**3 + 8*r**2 - 5*r. Let f be 12/6 + 10/2. Give n(f).
14
Let s(w) be the second derivative of -w**4/12 - 4*w**3/3 - 21*w**2/2 + 3*w - 38. What is s(-4)?
-5
Let l = 61 + -60. Let h(m) = -m. Let i(v) = 1. Let u(k) = l*h(k) - 2*i(k). Give u(-5).
3
Let z(r) = 5*r**3 - 16*r**2 - 10*r + 134. Let k(u) = -u**3 + 3*u**2 + 2*u - 27. Let a(y) = 11*k(y) + 2*z(y). Calculate a(0).
-29
Let m(z) be the second derivative of -z**3/3 + z**2/2 - 37*z. Let w = -2 + 2. Suppose -4*o + 11 = 5*n, w = -3*n - 2 - 1. Determine m(o).
-7
Let l(u) = u**2 + 16*u + 21. Let n be (128/(-12))/((-2)/3). Suppose m = 1 - n. Let h be l(m). Let d(x) = -x**3 + 7*x**2 - 6*x - 4. What is d(h)?
-4
Suppose -l = -5*l - 4. Let n = 0 + l. Let q(t) be the third derivative of t**4/8 - 7*t**2. Give q(n).
-3
Let g(j) = -j**3 - 1462 + 3*j**3 + 1463. Give g(1).
3
Let w(x) = -10*x + 5*x + 2 + 56*x**2 - 57*x**2. What is w(-5)?
2
Let o(t) = 69*t + 100 + 26*t - 18 - 98*t. What is o(29)?
-5
Let h be (-1 - -53 - 1) + 8 + -6. Let w = h + -57. Let n(y) = y**3 + 6*y**2 + 6*y. Give n(w).
8
Let a(z) = 18*z - 3. Let h(t) = t**3 - 13*t**2 - 22*t + 111. Let l be h(14). What is a(l)?
-21
Let h(w) be the second derivative of w**6/360 + w**5/30 + w**4/8 + 19*w**3/3 - 14*w. Let g(k) be the second derivative of h(k). Determine g(-6).
15
Let b(v) = -11*v + 3. Let n(i) = 6*i - 2. Let c(p) = -3*b(p) - 5*n(p). Give c(6).
19
Let h(x) be the second derivative of x**3/6 - x**2/2 - 102*x. Give h(3).
2
Let y = 13 - 15. Let a be (0/(-7))/(y - -4). Let p(b) be the second derivative of -b**5/20 - b**4/12 + b**3/6 + 3*b**2 + b. Determine p(a).
6
Suppose 2*q - 11 = -t - 43, q - 64 = 2*t. Let m = t - -28. Let j(b) = b**2 + 5*b + 1. Give j(m).
-3
Let x(s) = s**2 - 5*s + 4. Let o = 7 + -2. Let n be x(o). Let q(h) = -2 + 57*h**2 + 6*h - 27*h**2 - 32*h**2. Give q(n).
-10
Let u(z) = -2*z + 2. Let h(m) = -10*m + 15. Let c(q) = h(q) - 6*u(q). What is c(-3)?
-3
Suppose y + 64 = 3*y. Let m = y + -31. Let s(u) = -u**3 - u + 1. Let d(h) = -9*h**3 + h**2 - 5*h + 5. Let v(g) = -d(g) + 6*s(g). What is v(m)?
2
Suppose -5*c = -15, -4*c - 39 = -3*p - 3*c. Let d(n) = -18*n**2 - 13*n**2 + 44*n**2 + 12*n - p*n**2 - 16. Give d(11).
-5
Let i = 9 - 7. Suppose -5*j - i*r + 14 = -0*j, 4*r + 2 = 5*j. Let h(n) be the third derivative of n**5/15 - n**4/6 + n**3/3 + 2*n**2. Determine h(j).
10
Let b(j) = 16*j - 29. Let o(t) = -t + 1. Let c(h) = b(h) + 6*o(h). Let w be c(2). Let v(u) = -u**2 - 3*u + 2. Give v(w).
2
Let m(t) = 397*t + t**2 + 386*t + 28 - 797*t + 1. Determine m(12).
5
Let g(o) = 2*o - 24. Let s be (-504)/(-32) - -2*(-4)/(-32). Give g(s).
8
Let k = 44 + -45. Let t be ((-5)/(-3))/k*-3. Let p(z) = -z**3 + 0 + 7 - 3*z + 4*z**2 + 8*z. Calculate p(t).
7
Let g(n) = n**3 - 10*n**2 - 13*n - 14. Let v(p) = -p**3 + p**2 + p + 2. Let b(u) = g(u) + 2*v(u). Determine b(-7).
18
Let r be (-2 - -1) + -17 + 15. Let f(o) = -23*o - 9. Let i(w) = 8*w + 3. Let u(t) = 3*f(t) + 8*i(t). Calculate u(r).
12
Let t(n) be the second derivative of -n**3/3 - n**2 + 8*n. Let r(a) = a**2 + 4*a. Let b be r(-3). What is t(b)?
4
Let q(r) = -r. Let h be ((-10)/(-8))/((-6)/(-96)). Suppose -7*j - h - 15 = 0. What is q(j)?
5
Suppose 0 = -2*l - 5*b + 6, -b + 12 = 4*l. Let g(x) = -7*x + 2. Give g(l).
-19
Let g(f) be the second derivative of -f**4/12 - 3*f**3/2 - 9*f**2/2 - 14*f. Give g(-7).
5
Let d = -27 + 27. Let c(a) = -3 + 28*a**2 - 14*a**2 - 13*a**2 - a. Calculate c(d).
-3
Let p(o) = 4*o + 6. Let y = 70 - 68. Give p(y).
14
Let i be 4/62 + 8000/(-992). Let f(m) = m**3 + 7*m**2 - 9*m. What is f(i)?
8
Suppose -2*k = 4*l + 6, 7 = -2*k - 5*l - 2. Let j be ((-6)/3 - -2)/(-2). Let a(t) = 1 + j*t - t**2 + t + 4*t - 5. Give a(k).
2
Let j(b) = 11*b**3 - 2*b + 1. Let o = 19 - 13. Let c be ((o/(-15))/(-1))/((-2)/(-5)). Calculate j(c).
10
Suppose 3*x = -4*d - 21, 0 = -2*d + 20*x - 24*x - 18. Let n(y) = -17*y - 4. What is n(d)?
47
Let o(h) = -h**3 - 7*h**2 - 4*h + 9. Let z be 4/18 - 224/36. Let t be o(z). Let u(m) = -21*m + m**2 + 8*m - 1 + 14*m. What is u(t)?
5
Let m(i) = 6*i + 3. Let o(z) = -3*z - 2. Let l(s) = -3*m(s) - 5*o(s). Suppose 2*j = 9*j - 28. Determine l(j).
-11
Let q(i) be the second derivative of i**5/30 + i**4/12 - 7*i**3/6 + 9*i. Let m(n) be the second derivative of q(n). Determine m(2).
10
Let n(m) = 4*m**2 + 3*m - 1. Let g be n(2). Suppose -k = -4*u - 6*k - g, -k - 9 = 2*u. Let c(t) = -t**3 - 3*t**2 + 4*t. Calculate c(u).
0
Let k(y) = y - 8. Suppose 44 = 84*c - 80*c. Calculate k(c).
3
Let v(d) = -d + 16 - 4*d**3 - 11*d**2 - 5*d**3 - 5*d**3 + 15*d**3. Let h be v(11). Let a(w) = w**2 - 5*w - 4. Calculate a(h).
-4
Let c(t) = -3*t + 79. Let q be c(28). Let s(u) = u**3 + 4*u**2 - 8*u - 3. What is s(q)?
12
Let u(k) = 0*k - 2*k + k - 5. Suppose 22*w - 95 - 37 = 0. What is u(w)?
-11
Let i(v) = 926*v**2 - 10 - 918*v**2 + 3*v - 2*v - v**3 + 2*v. Determine i(7).
60
Suppose -13 + 2 = -11*o. Let z(y) = y**2 + y**3 + 4*y**3 + 0*y**3. What is z(o)?
6
Suppose 5*c = 53 + 47. Let x(s) = -s + 28. Let p be x(0). Let q(f) = p - 11 - c + f. What is q(3)?
0
Let t(s) = 3*s**2 - s - 1. Let h(k) = 10*k**2 - 4*k - 5. Let u(g) = -4*h(g) + 14*t(g). Give u(-3).
18
Let c be ((-20)/170 - 15/17) + 1. Let y(i) = -i**2 + i - 5. Calculate y(c).
-5
Let r be ((-5)/5)/(2/(-6)). Let b(t) be the third derivative of 0*t + 1/24*t**4 + 7*t**2 + 0 + 0*t**3. Calculate b(r).
3
Suppose 0 = -62*d + 68*d + 6. Let o be (1 + 5 + -6)*d. Let c(y) = -y + y - y**3 - y**2. Calculate c(o).
0
Let d(i) = -3*i**3 + 3*i**2 - 2*i + 1. Suppose 0 = 5*t - 3*w + 36 - 40, 0 = 3*t + 5*w - 16. Calculate d(t).
-15
Let z(p) = -p**2 + 2*p. Let v(n) = -n**2 + 2*n + 13. Let s be v(-4). Let t = s - -15. Calculate z(t).
-8
Let y(j) = 3*j + 31. Let u(b) = -15*b - 150. Let f(x) = -5*u(x) - 24*y(x). Give f(9).
33
Suppose 0 = -9*l + 13*l - 20. Let v(u) = -1 + 2*u + l*u**2 + 2*u + u**3 - 4*u**2 - 7*u. Give v(-2).
1
Let q(h) = 45226 - 45222 + h**3 + 5*h**2 - h**2 + 3*h. What is q(-4)?
-8
Let u(d) = -2*d**2 - 5*d. Let k(t) = -3*t**2 - 3*t + 2. Suppose -s = m + 5, 2*m - s = -0 - 1. Let j be k(m). What is u(j)?
-12
Let n(x) = -4*x + 46. Let a be n(10). Let c(w) = 62*w + 61*w - 130*w + a*w**2 - w**3 + 4. Let y be (-1 + 3)/((-1)/(-2)). What is c(y)?
8
Let h(m) be the third derivative of -m**6/360 + m**5/20 - 5*m**4/24 - m**3/3 - 15*m**2. Let i(s) be the first derivative of h(s). Calculate i(6).
-5
Let g(w) = 7*w - 7. Let s = 15 + -10. Suppose 3*r + 20 = s. Let n(i) = 8*i - 8. Let q(m) = r*n(m) + 6*g(m). What is q(-2)?
-6
Let x(z) be the second derivative of z**3/6 + 25*z**2/2 - 144*z. Give x(-7).
18
Let r = -357 - -354. Let a(i) = -i**3 - 4*i**2 + i + 4. Calculate a(r).
-8
Let v(b) be the third derivative of -b**8/20160 + b**7/840 + b**6/144 + 5*b**5/6 - 35*b**2. Let g(m) be the third derivative of v(m). What is g(8)?
-11
Let s(f) be the third derivative of f**6/120 - 7*f**5/60 + 7*f**4/24 + 12*f**2. Let v be (-4)/(-1) + 9 + -8. Give s(v).
-15
Let n(v) = -13*v + 6. Let t(g) = 15*g - 7. Let z(a) = 7*n(a) + 6*t(a). Let s(q) = q - 13. L